 5, 277, 1823
List the prime factors of 109085969.
43, 461, 5503
List the prime factors of 2005995887.
7, 53, 79, 68443
List the prime factors of 614769156.
2, 3, 109, 52223
List the prime factors of 103822300.
2, 5, 59, 17597
List the prime factors of 2834160121.
13, 109, 2000113
List the prime factors of 148792256.
2, 2324879
List the prime factors of 1291517856.
2, 3, 19, 37, 6379
List the prime factors of 178876056.
2, 3, 37, 201437
What are the prime factors of 810278983?
23, 4583, 7687
List the prime factors of 5476397061.
3, 61, 29925667
What are the prime factors of 160922235?
3, 5, 89, 149, 809
What are the prime factors of 226826096?
2, 7, 289319
What are the prime factors of 75546571?
43, 53, 33149
What are the prime factors of 3745600?
2, 5, 2341
What are the prime factors of 2952250085?
5, 590450017
What are the prime factors of 346540897?
41, 8452217
List the prime factors of 2060398033.
27487, 74959
What are the prime factors of 2405047387?
47, 127, 402923
List the prime factors of 1357911624.
2, 3, 103, 271, 2027
List the prime factors of 829612503.
3, 30726389
List the prime factors of 1052287367.
1052287367
List the prime factors of 66406238.
2, 463, 71713
What are the prime factors of 3766544904?
2, 3, 156939371
What are the prime factors of 3448307815?
5, 19, 43, 844139
List the prime factors of 153235280.
2, 5, 11, 17, 10243
What are the prime factors of 6587932858?
2, 13, 101, 163, 15391
List the prime factors of 15083199.
3, 17, 1933
What are the prime factors of 234712442?
2, 117356221
List the prime factors of 581890463.
7, 11, 7557019
What are the prime factors of 290934776?
2, 11, 349, 9473
List the prime factors of 351559692.
2, 3, 11, 23, 29
List the prime factors of 347839391.
347839391
What are the prime factors of 2711004297?
3, 17, 937, 56731
What are the prime factors of 390036266?
2, 563, 346391
List the prime factors of 3922502386.
2, 11, 19, 23, 37, 11027
List the prime factors of 54425878.
2, 13, 2093303
What are the prime factors of 64656225?
3, 5, 29, 367
List the prime factors of 1136257045.
5, 7, 11, 73, 40429
List the prime factors of 185185022.
2, 11, 199, 42299
What are the prime factors of 266756838?
2, 3, 44459473
List the prime factors of 52697973.
3, 17565991
What are the prime factors of 547235773?
7, 11168077
List the prime factors of 1455066205.
5, 149, 1953109
List the prime factors of 192603437.
13, 19, 779771
What are the prime factors of 1038465708?
2, 3, 7, 61, 202667
What are the prime factors of 613539595?
5, 1171, 104789
List the prime factors of 272117529.
3, 53, 190159
List the prime factors of 137093335.
5, 521, 52627
List the prime factors of 369795961.
369795961
List the prime factors of 2879366752.
2, 89980211
What are the prime factors of 30649803?
3, 10216601
List the prime factors of 7918734096.
2, 3, 7, 13, 17, 41
What are the prime factors of 2559890683?
7, 52242667
List the prime factors of 227615418.
2, 3, 101, 125201
What are the prime factors of 217268440?
2, 5, 37, 73, 2011
List the prime factors of 94476083.
13, 7267391
What are the prime factors of 82447809?
3, 149, 184447
List the prime factors of 505598176.
2, 47, 127, 2647
List the prime factors of 745502023.
7, 15214327
List the prime factors of 1368259259.
23, 1607, 37019
What are the prime factors of 276280661?
12763, 21647
List the prime factors of 35671043.
173, 206191
List the prime factors of 577108634.
2, 491, 587687
List the prime factors of 259230451.
1531, 169321
What are the prime factors of 413266935?
3, 5, 27551129
What are the prime factors of 5163342816?
2, 3, 17, 29, 109097
List the prime factors of 1086357379.
1086357379
List the prime factors of 42837164.
2, 31, 345461
What are the prime factors of 634319159?
41, 15471199
What are the prime factors of 1732443787?
389, 4453583
What are the prime factors of 912828100?
2, 5, 41, 67, 3323
What are the prime factors of 387110150?
2, 5, 7, 1106029
List the prime factors of 1289912300.
2, 5, 12899123
What are the prime factors of 14957626?
2, 7478813
What are the prime factors of 29898897?
3, 7, 1423757
What are the prime factors of 19280678?
2, 827, 11657
List the prime factors of 121114106.
2, 60557053
List the prime factors of 2512211147.
47, 53451301
What are the prime factors of 315427967?
593, 531919
What are the prime factors of 149518351?
149518351
What are the prime factors of 66734052?
2, 3, 7, 11, 72223
List the prime factors of 532599193.
7, 76085599
List the prime factors of 45146122.
2, 7, 3224723
List the prime factors of 868884969.
3, 97, 139, 21481
What are the prime factors of 6361056243?
3, 17, 29, 37, 38747
What are the prime factors of 46723301?
46723301
What are the prime factors of 1002998521?
7, 17, 31, 43, 6323
List the prime factors of 581034873.
3, 139, 619, 2251
What are the prime factors of 364117387?
19, 163, 117571
What are the prime factors of 141830253?
3, 15758917
List the prime factors of 123379376.
2, 7711211
What are the prime factors of 69014384?
2, 19, 379, 599
List the prime factors of 59065049.
919, 64271
What are the prime factors of 746341604?
2, 211, 491, 1801
List the prime factors of 1026999811.
1823, 563357
What are the prime factors of 246468619?
71, 3471389
What are the prime factors of 4219645075?
5, 168785803
List the prime factors of 455754249.
3, 16879787
List the prime factors of 3352553793.
3, 151, 274103
List the prime factors of 461144322.
2, 3, 25619129
List the prime factors of 2976073609.
1051, 2831659
List the prime factors of 882301243.
239, 599, 6163
What are the prime factors of 452066673?
3, 59, 2554049
List the prime factors of 286640190.
2, 3, 5, 563, 5657
What are the prime factors of 160945598?
2, 11, 139, 52631
List the prime factors of 5433920.
2, 5, 16981
List the prime factors of 180588513.
3, 7, 8599453
What are the prime factors of 1003312091?
37, 541, 50123
List the prime factors of 419569822.
2, 7, 29969273
What are the prime factors of 286499242?
2, 143249621
List the prime factors of 81729094.
2, 71, 575557
What are the prime factors of 1697185051?
19, 89325529
What are the prime factors of 276497616?
2, 3, 47, 122561
List the prime factors of 591865141.
7, 23, 3676181
What are the prime factors of 2806170708?
2, 3, 11, 41, 518509
List the prime factors of 282492389.
282492389
What are the prime factors of 29882167?
7, 4268881
List the prime factors of 461537899.
659, 700361
List the prime factors of 1042789826.
2, 13, 17, 347, 523
What are the prime factors of 108904655?
5, 23, 946997
List the prime factors of 16858277.
16858277
List the prime factors of 37193250.
2, 3, 5, 101, 491
What are the prime factors of 883257663?
3, 294419221
List the prime factors of 1245731537.
1245731537
What are the prime factors of 475715938?
2, 59, 4031491
What are the prime factors of 234113311?
3067, 76333
What are the prime factors of 58140229?
7, 89, 93323
List the prime factors of 15155727.
3, 1553, 3253
What are the prime factors of 62986007?
7, 19, 473579
List the prime factors of 1307712759.
3, 3001, 145253
What are the prime factors of 206776276?
2, 7, 37, 28513
What are the prime factors of 252146842?
2, 126073421
List the prime factors of 81761690.
2, 5, 2309, 3541
List the prime factors of 546939768.
2, 3, 29, 197, 3989
List the prime factors of 27535914.
2, 3, 7, 83, 2633
List the prime factors of 4198642643.
13, 17, 18998383
What are the prime factors of 62047723?
277, 223999
List the prime factors of 457374778.
2, 7, 239, 136693
What are the prime factors of 154112128?
2, 53, 22717
List the prime factors of 2063783648.
2, 19, 3394381
List the prime factors of 4941918.
2, 3, 23, 173
List the prime factors of 372396634.
2, 23, 479, 16901
List the prime factors of 177269749.
31, 5718379
What are the prime factors of 492800737?
11, 13, 23, 269, 557
List the prime factors of 527866714.
2, 601, 439157
List the prime factors of 192872659.
7, 27553237
List the prime factors of 553128029.
553128029
What are the prime factors of 1652776771?
17, 409, 237707
List the prime factors of 673567207.
3181, 211747
What are the prime factors of 1779155798?
2, 7, 139, 211, 619
List the prime factors of 278727822.
2, 3, 15484879
List the prime factors of 418822070.
2, 5, 113, 281, 1319
List the